{"id":5958,"date":"2024-03-08T10:50:07","date_gmt":"2024-03-08T08:50:07","guid":{"rendered":"https:\/\/mainosmerkki.fi\/klans\/?post_type=product&#038;p=5958"},"modified":"2024-05-08T14:25:06","modified_gmt":"2024-05-08T11:25:06","slug":"lasten-t-paita-kkk","status":"publish","type":"product","link":"https:\/\/mainosmerkki.fi\/klans\/tuote\/lasten-t-paita-kkk\/","title":{"rendered":"Lasten t-paita (KKK)"},"content":{"rendered":"<p>Lasten t-paita pehme\u00e4st\u00e4 puuvillasta, painatus edess\u00e4. Kaularesorissa joustavaa elastaania.<\/p>\n<div class=\"Text-sc-s31epd-0 iOMnrj d-inline f3-700 mr-1\">Materiaali: 100 % puuvillaa<\/div>\n<div>\n<p>Paino: 145 g\/m2<\/p>\n<p>Koot: 100 &#8211; 160 cm<\/p>\n<p><img decoding=\"async\" class=\"alignleft size-medium wp-image-5023\" src=\"https:\/\/mainosmerkki.fi\/klans\/wp-content\/uploads\/sites\/8\/2020\/10\/pesuohje-300x47.jpg\" alt=\"\" width=\"300\" height=\"47\" srcset=\"https:\/\/mainosmerkki.fi\/klans\/wp-content\/uploads\/sites\/23\/2020\/10\/pesuohje-300x47.jpg 300w, https:\/\/mainosmerkki.fi\/klans\/wp-content\/uploads\/sites\/23\/2020\/10\/pesuohje-600x95.jpg 600w, https:\/\/mainosmerkki.fi\/klans\/wp-content\/uploads\/sites\/23\/2020\/10\/pesuohje.jpg 702w\" sizes=\"(max-width: 300px) 100vw, 300px\" \/><\/p>\n<p>&nbsp;<\/p>\n<p>&nbsp;<\/p>\n<p><img fetchpriority=\"high\" decoding=\"async\" class=\"alignleft size-full wp-image-5022\" src=\"https:\/\/mainosmerkki.fi\/klans\/wp-content\/uploads\/sites\/8\/2020\/10\/oeko-tex.jpg\" alt=\"\" width=\"294\" height=\"172\" \/><\/p>\n<\/div>\n","protected":false},"excerpt":{"rendered":"<p><img decoding=\"async\" class=\"alignnone size-medium wp-image-1149\" src=\"https:\/\/mainosmerkki.fi\/klans\/wp-content\/uploads\/sites\/23\/2020\/10\/clique-300x82.jpg\" alt=\"\" width=\"300\" height=\"82\" srcset=\"https:\/\/mainosmerkki.fi\/klans\/wp-content\/uploads\/sites\/23\/2020\/10\/clique-300x82.jpg 300w, https:\/\/mainosmerkki.fi\/klans\/wp-content\/uploads\/sites\/23\/2020\/10\/clique-1024x279.jpg 1024w, https:\/\/mainosmerkki.fi\/klans\/wp-content\/uploads\/sites\/23\/2020\/10\/clique-768x209.jpg 768w, https:\/\/mainosmerkki.fi\/klans\/wp-content\/uploads\/sites\/23\/2020\/10\/clique-1536x418.jpg 1536w, https:\/\/mainosmerkki.fi\/klans\/wp-content\/uploads\/sites\/23\/2020\/10\/clique-600x163.jpg 600w, https:\/\/mainosmerkki.fi\/klans\/wp-content\/uploads\/sites\/23\/2020\/10\/clique.jpg 1834w\" sizes=\"(max-width: 300px) 100vw, 300px\" \/><\/p>\n","protected":false},"featured_media":5950,"template":"","meta":{"site-sidebar-layout":"no-sidebar","site-content-layout":"boxed-container","ast-site-content-layout":"normal-width-container","site-content-style":"boxed","site-sidebar-style":"boxed","ast-global-header-display":"","ast-banner-title-visibility":"","ast-main-header-display":"","ast-hfb-above-header-display":"","ast-hfb-below-header-display":"","ast-hfb-mobile-header-display":"","site-post-title":"","ast-breadcrumbs-content":"","ast-featured-img":"","footer-sml-layout":"","ast-disable-related-posts":"","theme-transparent-header-meta":"disabled","adv-header-id-meta":"","stick-header-meta":"default","header-above-stick-meta":"","header-main-stick-meta":"","header-below-stick-meta":"","astra-migrate-meta-layouts":"set","ast-page-background-enabled":"default","ast-page-background-meta":{"desktop":{"background-color":"","background-image":"","background-repeat":"repeat","background-position":"center center","background-size":"auto","background-attachment":"scroll","background-type":"","background-media":"","overlay-type":"","overlay-color":"","overlay-opacity":"","overlay-gradient":""},"tablet":{"background-color":"","background-image":"","background-repeat":"repeat","background-position":"center center","background-size":"auto","background-attachment":"scroll","background-type":"","background-media":"","overlay-type":"","overlay-color":"","overlay-opacity":"","overlay-gradient":""},"mobile":{"background-color":"","background-image":"","background-repeat":"repeat","background-position":"center center","background-size":"auto","background-attachment":"scroll","background-type":"","background-media":"","overlay-type":"","overlay-color":"","overlay-opacity":"","overlay-gradient":""}},"ast-content-background-meta":{"desktop":{"background-color":"var(--ast-global-color-5)","background-image":"","background-repeat":"repeat","background-position":"center center","background-size":"auto","background-attachment":"scroll","background-type":"","background-media":"","overlay-type":"","overlay-color":"","overlay-opacity":"","overlay-gradient":""},"tablet":{"background-color":"var(--ast-global-color-5)","background-image":"","background-repeat":"repeat","background-position":"center center","background-size":"auto","background-attachment":"scroll","background-type":"","background-media":"","overlay-type":"","overlay-color":"","overlay-opacity":"","overlay-gradient":""},"mobile":{"background-color":"var(--ast-global-color-5)","background-image":"","background-repeat":"repeat","background-position":"center center","background-size":"auto","background-attachment":"scroll","background-type":"","background-media":"","overlay-type":"","overlay-color":"","overlay-opacity":"","overlay-gradient":""}}},"product_brand":[],"product_cat":[260],"product_tag":[240],"class_list":{"0":"post-5958","1":"product","2":"type-product","3":"status-publish","4":"has-post-thumbnail","6":"product_cat-klaukkalan_kepparikerho","7":"product_tag-t-paita","8":"desktop-align-left","9":"tablet-align-left","10":"mobile-align-left","11":"ast-product-gallery-layout-horizontal","12":"ast-product-single-variable","13":"ast-product-tabs-layout-horizontal","15":"first","16":"instock","17":"featured","18":"taxable","19":"shipping-taxable","20":"purchasable","21":"product-type-variable"},"_links":{"self":[{"href":"https:\/\/mainosmerkki.fi\/klans\/wp-json\/wp\/v2\/product\/5958","targetHints":{"allow":["GET"]}}],"collection":[{"href":"https:\/\/mainosmerkki.fi\/klans\/wp-json\/wp\/v2\/product"}],"about":[{"href":"https:\/\/mainosmerkki.fi\/klans\/wp-json\/wp\/v2\/types\/product"}],"wp:featuredmedia":[{"embeddable":true,"href":"https:\/\/mainosmerkki.fi\/klans\/wp-json\/wp\/v2\/media\/5950"}],"wp:attachment":[{"href":"https:\/\/mainosmerkki.fi\/klans\/wp-json\/wp\/v2\/media?parent=5958"}],"wp:term":[{"taxonomy":"product_brand","embeddable":true,"href":"https:\/\/mainosmerkki.fi\/klans\/wp-json\/wp\/v2\/product_brand?post=5958"},{"taxonomy":"product_cat","embeddable":true,"href":"https:\/\/mainosmerkki.fi\/klans\/wp-json\/wp\/v2\/product_cat?post=5958"},{"taxonomy":"product_tag","embeddable":true,"href":"https:\/\/mainosmerkki.fi\/klans\/wp-json\/wp\/v2\/product_tag?post=5958"}],"curies":[{"name":"wp","href":"https:\/\/api.w.org\/{rel}","templated":true}]}}