{"id":5251,"date":"2022-08-17T14:08:00","date_gmt":"2022-08-17T11:08:00","guid":{"rendered":"https:\/\/mainosmerkki.fi\/elixirphysique\/?post_type=product&#038;p=5251"},"modified":"2024-08-29T13:41:51","modified_gmt":"2024-08-29T10:41:51","slug":"treenipaita-miehet","status":"publish","type":"product","link":"https:\/\/mainosmerkki.fi\/elixirphysique\/tuote\/treenipaita-miehet\/","title":{"rendered":"EP Gym Treenipaita, miehet"},"content":{"rendered":"<p>Eritt\u00e4in laadukas treenipaita, muotoiltu hartioita korostava malli, litte\u00e4t hiert\u00e4m\u00e4tt\u00f6m\u00e4t saumaompeleet. Pehme\u00e4 ja hengitt\u00e4v\u00e4 CoolDry -materiaali siirt\u00e4\u00e4 ihon kosteuden paidan ulkopinnalle, josta se haihtuu nopeasti.<\/p>\n<p>Materiaali: 95% CoolDry-mikropolyesteri, 5% spandex<br \/>\nKoot: S &#8211; 3XL<\/p>\n<table>\n<tbody>\n<tr>\n<td>Koko<\/td>\n<td>Leveys cm*<\/td>\n<td>Pituus cm**<\/td>\n<\/tr>\n<tr>\n<td>S<\/td>\n<td>50<\/td>\n<td>68<\/td>\n<\/tr>\n<tr>\n<td>M<\/td>\n<td>53<\/td>\n<td>72<\/td>\n<\/tr>\n<tr>\n<td>L<\/td>\n<td>56<\/td>\n<td>75<\/td>\n<\/tr>\n<tr>\n<td>XL<\/td>\n<td>59<\/td>\n<td>77<\/td>\n<\/tr>\n<tr>\n<td>XXL<\/td>\n<td>62<\/td>\n<td>80<\/td>\n<\/tr>\n<tr>\n<td>3XL<\/td>\n<td>65<\/td>\n<td>82<\/td>\n<\/tr>\n<tr>\n<td>Tol+\/-<\/td>\n<td>1,5<\/td>\n<td>1,5<\/td>\n<\/tr>\n<\/tbody>\n<\/table>\n<p>* Leveys tuotteen reunasta reunaan hihojen alapuolelta<\/p>\n<p>** Pituus olkap\u00e4\u00e4n korkeimmasta kohdasta alareunaan<\/p>\n<p>&nbsp;<\/p>\n","protected":false},"excerpt":{"rendered":"<p>&nbsp;<\/p>\n<p><strong>\u00a0<\/strong><\/p>\n","protected":false},"featured_media":5232,"template":"","meta":{"site-sidebar-layout":"no-sidebar","site-content-layout":"boxed-container","ast-site-content-layout":"normal-width-container","site-content-style":"boxed","site-sidebar-style":"boxed","ast-global-header-display":"","ast-banner-title-visibility":"","ast-main-header-display":"","ast-hfb-above-header-display":"","ast-hfb-below-header-display":"","ast-hfb-mobile-header-display":"","site-post-title":"","ast-breadcrumbs-content":"","ast-featured-img":"","footer-sml-layout":"","ast-disable-related-posts":"","theme-transparent-header-meta":"disabled","adv-header-id-meta":"","stick-header-meta":"default","header-above-stick-meta":"","header-main-stick-meta":"","header-below-stick-meta":"","astra-migrate-meta-layouts":"set","ast-page-background-enabled":"default","ast-page-background-meta":{"desktop":{"background-color":"","background-image":"","background-repeat":"repeat","background-position":"center center","background-size":"auto","background-attachment":"scroll","background-type":"","background-media":"","overlay-type":"","overlay-color":"","overlay-opacity":"","overlay-gradient":""},"tablet":{"background-color":"","background-image":"","background-repeat":"repeat","background-position":"center center","background-size":"auto","background-attachment":"scroll","background-type":"","background-media":"","overlay-type":"","overlay-color":"","overlay-opacity":"","overlay-gradient":""},"mobile":{"background-color":"","background-image":"","background-repeat":"repeat","background-position":"center center","background-size":"auto","background-attachment":"scroll","background-type":"","background-media":"","overlay-type":"","overlay-color":"","overlay-opacity":"","overlay-gradient":""}},"ast-content-background-meta":{"desktop":{"background-color":"var(--ast-global-color-5)","background-image":"","background-repeat":"repeat","background-position":"center center","background-size":"auto","background-attachment":"scroll","background-type":"","background-media":"","overlay-type":"","overlay-color":"","overlay-opacity":"","overlay-gradient":""},"tablet":{"background-color":"var(--ast-global-color-5)","background-image":"","background-repeat":"repeat","background-position":"center center","background-size":"auto","background-attachment":"scroll","background-type":"","background-media":"","overlay-type":"","overlay-color":"","overlay-opacity":"","overlay-gradient":""},"mobile":{"background-color":"var(--ast-global-color-5)","background-image":"","background-repeat":"repeat","background-position":"center center","background-size":"auto","background-attachment":"scroll","background-type":"","background-media":"","overlay-type":"","overlay-color":"","overlay-opacity":"","overlay-gradient":""}}},"product_brand":[],"product_cat":[249],"product_tag":[233,232,243,241],"class_list":{"0":"post-5251","1":"product","2":"type-product","3":"status-publish","4":"has-post-thumbnail","6":"product_cat-vaatteet","7":"product_tag-paita","8":"product_tag-t-paita","9":"product_tag-tekninen","10":"product_tag-treenipaita","11":"product_shipping_class-ilmainen-toimitus","12":"desktop-align-left","13":"tablet-align-left","14":"mobile-align-left","15":"ast-product-gallery-layout-horizontal","16":"ast-product-single-variable","17":"ast-product-tabs-layout-horizontal","19":"first","20":"instock","21":"featured","22":"taxable","23":"shipping-taxable","24":"purchasable","25":"product-type-variable"},"_links":{"self":[{"href":"https:\/\/mainosmerkki.fi\/elixirphysique\/wp-json\/wp\/v2\/product\/5251","targetHints":{"allow":["GET"]}}],"collection":[{"href":"https:\/\/mainosmerkki.fi\/elixirphysique\/wp-json\/wp\/v2\/product"}],"about":[{"href":"https:\/\/mainosmerkki.fi\/elixirphysique\/wp-json\/wp\/v2\/types\/product"}],"wp:featuredmedia":[{"embeddable":true,"href":"https:\/\/mainosmerkki.fi\/elixirphysique\/wp-json\/wp\/v2\/media\/5232"}],"wp:attachment":[{"href":"https:\/\/mainosmerkki.fi\/elixirphysique\/wp-json\/wp\/v2\/media?parent=5251"}],"wp:term":[{"taxonomy":"product_brand","embeddable":true,"href":"https:\/\/mainosmerkki.fi\/elixirphysique\/wp-json\/wp\/v2\/product_brand?post=5251"},{"taxonomy":"product_cat","embeddable":true,"href":"https:\/\/mainosmerkki.fi\/elixirphysique\/wp-json\/wp\/v2\/product_cat?post=5251"},{"taxonomy":"product_tag","embeddable":true,"href":"https:\/\/mainosmerkki.fi\/elixirphysique\/wp-json\/wp\/v2\/product_tag?post=5251"}],"curies":[{"name":"wp","href":"https:\/\/api.w.org\/{rel}","templated":true}]}}